er?
True
Is 533562613 a prime number?
True
Is 1833387177 composite?
True
Is 9849926407 composite?
False
Is 1161953983 a prime number?
True
Is 495620297 a prime number?
True
Is 12467381111 a composite number?
True
Is 72318421419 a composite number?
True
Is 1660196233 a prime number?
True
Is 1508749717 a composite number?
False
Is 51785812967 a composite number?
True
Is 16283389 a composite number?
True
Is 1140531089 composite?
True
Is 185653172149 prime?
True
Is 7174093781 a composite number?
True
Is 44883341 composite?
True
Is 3470176217 a prime number?
True
Is 1178922671 prime?
True
Is 51277351 composite?
False
Is 439212313 prime?
False
Is 297609713 composite?
True
Is 905622709 a composite number?
True
Is 75608476717 composite?
False
Is 6340311221 a composite number?
False
Is 6269698471 a composite number?
True
Is 40161931933 prime?
True
Is 1901921029 composite?
True
Is 207397968673 a composite number?
True
Is 1182421297 prime?
True
Is 12928220267 prime?
True
Is 4101952601 a prime number?
True
Is 527821067 a composite number?
True
Is 3999983029 composite?
True
Is 9377067489 prime?
False
Is 9923510999 a prime number?
True
Is 22393910893 composite?
False
Is 29068796797 composite?
True
Is 982491283 a composite number?
True
Is 1243695883 prime?
False
Is 3984992393 a prime number?
True
Is 15638771 a prime number?
False
Is 36726648065 a prime number?
False
Is 42853089887 composite?
False
Is 51857245347 a prime number?
False
Is 1192461757 prime?
True
Is 20335775041 a prime number?
True
Is 9714345229 a composite number?
False
Is 668257053 composite?
True
Is 8311583551 prime?
True
Is 6069480959 composite?
False
Is 4453417403 a composite number?
False
Is 12014947135 a composite number?
True
Is 19535670619 a prime number?
True
Is 31383797891 prime?
True
Is 12445371557 a composite number?
False
Is 11875681547 a prime number?
False
Is 16769296121 composite?
False
Is 1733929357 composite?
True
Is 45465776879 a composite number?
False
Is 8699560981 composite?
False
Is 515962371 composite?
True
Is 683065697 prime?
False
Is 1031046883 a prime number?
False
Is 18330353 prime?
True
Is 8318001593 prime?
False
Is 3669127309 a composite number?
True
Is 2537886873 a composite number?
True
Is 598686109 composite?
True
Is 9425608583 a composite number?
False
Is 3152087507 prime?
False
Is 5768263855 a composite number?
True
Is 12804800851 composite?
False
Is 7296983929 composite?
False
Is 11962846429 prime?
False
Is 257824051087 a prime number?
True
Is 32584736773 a composite number?
True
Is 153081046619 a prime number?
True
Is 7302591941 prime?
False
Is 1403577317 composite?
False
Is 2100976769 composite?
False
Is 545683129 prime?
True
Is 28789303303 a prime number?
True
Is 1328633101 a composite number?
True
Is 1516034557 composite?
True
Is 4426682999 composite?
True
Is 900996358 composite?
True
Is 23025293267 composite?
False
Is 2478168323 a composite number?
True
Is 12342790562 composite?
True
Is 52474594849 prime?
True
Is 22223222297 composite?
True
Is 705663073 a prime number?
True
Is 1736156899 composite?
True
Is 3309230651 a prime number?
False
Is 154624403 a prime number?
False
Is 6675899047 a composite number?
False
Is 17786538293 a prime number?
False
Is 118544187115 a prime number?
False
Is 318875507 composite?
True
Is 10232365919 a prime number?
True
Is 1298970301 a composite number?
False
Is 11973208727 prime?
False
Is 747303133 prime?
True
Is 20841275051 a composite number?
False
Is 5667893953 a prime number?
True
Is 9962792527 prime?
False
Is 2124880811 composite?
True
Is 248001707 composite?
True
Is 14177807401 a prime number?
False
Is 5144225293 a prime number?
False
Is 52458690803 prime?
True
Is 509530829 prime?
True
Is 5665152751 composite?
False
Is 552161213 composite?
False
Is 1899672941 prime?
False
Is 1127928569 a prime number?
True
Is 3675498539 a prime number?
False
Is 4077706355 a composite number?
True
Is 2265231679 a composite number?
False
Is 873879827 a composite number?
False
Is 1503805679 prime?
False
Is 1190534441 a prime number?
False
Is 351240343 a composite number?
True
Is 1757866577 a composite number?
True
Is 4359851 a composite number?
True
Is 178627064137 a composite number?
True
Is 4897214821 prime?
True
Is 4883052617 a prime number?
True
Is 2867838521 composite?
True
Is 3399192607 composite?
False
Is 54671549 composite?
False
Is 5584993781 prime?
False
Is 35396323379 a prime number?
True
Is 819238613 prime?
True
Is 572662723 prime?
True
Is 8123200411 a prime number?
False
Is 109014193837 a composite number?
False
Is 2323827382 a composite number?
True
Is 9992524007 a prime number?
True
Is 110550204449 a composite number?
True
Is 1071066857 composite?
True
Is 9826955053 a prime number?
True
Is 93713494307 a prime number?
True
Is 689668333 a composite number?
False
Is 23632349413 a prime number?
True
Is 2542544495 composite?
True
Is 12448030943 composite?
False
Is 299681609 prime?
False
Is 88177057 prime?
True
Is 1905339377 composite?
False
Is 2664332393 a prime number?
False
Is 40587444637 a prime number?
True
Is 12216380395 prime?
False
Is 16442664361 a composite number?
False
Is 2326371911 prime?
False
Is 92223581461 a composite number?
True
Is 4420974191 a composite number?
True
Is 1604164481 a composite number?
False
Is 1128387217 a composite number?
False
Is 20550179123 prime?
True
Is 225499049 a prime number?
False
Is 29020299047 a composite number?
False
Is 19632691297 prime?
True
Is 3308646683 a composite number?
False
Is 19075022381 composite?
False
Is 1331961457 prime?
True
Is 1212973219 a composite number?
False
Is 14950161691 a prime number?
True
Is 189412927 a prime number?
False
Is 6348863 a composite number?
False
Is 8262982787 prime?
False
Is 6783191983 prime?
True
Is 55087263433 composite?
False
Is 28904612927 prime?
False
Is 1213423609 composite?
False
Is 4830123959 a composite number?
False
Is 1831064971 a composite number?
False
Is 18598169041 a prime number?
False
Is 32941975949 a composite number?
False
Is 3830149559 a composite number?
False
Is 6569967913 composite?
False
Is 14036447489 composite?
False
Is 6046059139 a composite number?
False
Is 20053947295 prime?
False
Is 9786333119 composite?
False
Is 196601869 a composite number?
False
Is 1159901093 a prime number?
False
Is 24054579323 a composite number?
False
Is 5852704454 composite?
True
Is 11850247 a composite number?
False
Is 10243926583 prime?
False
Is 7340249837 prime?
True
Is 21000223 a prime number?
False
Is 55640788657 a prime number?
True
Is 1419217621 a prime number?
False
Is 171394055869 a prime number?
False
Is 965468969 a composite number?
False
Is 547126543 a composite number?
False
Is 3404901001 prime?
True
Is 887746909 a prime number?
False
Is 12584291 composite?
False
Is 733619053 prime?
False
Is 1425872243 composite?
False
Is 254464521 composite?
True
Is 120569332877 a composite number?
True
Is 201326943739 a composite number?
True
Is 63017892115 a composite number?
True
Is 1147133131 composite?
True
Is 3396474667 composite?
True
Is 30475637141 composite?
False
Is 55216352395 prime?
False
Is 24700337401 a prime number?
True
Is 16426309 prime?
True
Is 12351520333 a prime number?
False
Is 36099557423 a composite number?
False
Is 41825060821 a prime number?
False
Is 483253259 composite?
True
Is 3975183451 prime?
True
Is 94754713297 a prime number?
True
Is 1463080249 a composite number?
True
Is 3837150503 a composite number?
False
Is 12097386043 a prime number?
True
Is 1286176183 composite?
False
Is 5190450997 a prime number?
True
Is 66154319723 prime?
False
Is 3701657761 prime?
False
Is 700356281 prime?
False
Is 9373991293 a prime number?
True
Is 9253371037 a prime number?
True
Is 61739099 a prime number?
False
Is 666789511 a composite number?
False
Is 384715339 a prime number?
True
Is 17553122921 a composite number?
False
Is 594425413 a composite number?
True
Is 6882306113 a composite number?
True
Is 10765155533 a composite number?
True
Is 445326611 prime?
False
Is 116028681733 a prime number?
True
Is 1303537087 a prime number?
True
Is 9955429355 composite?
True
Is 466042903 a composite number?
True
Is 3010625581 prime?
True
Is 2046432769 prime?
True
Is 6679611307 a composite number?
False
Is 2063811986 a prime number?
False
Is 